 + (-1 - (0 - -2)).
72
(-33 - -12) + 0 - (20 - -3) - 4
-48
(-18988 - -19055) + 1 + -53
15
What is (0 - 19) + (680 - 604) - 17?
40
(3 - (-24 + 26)) + -11 + -6 - -57
41
What is the value of 13 + -63 - (55 - 60)?
-45
What is the value of 36 - 181 - (-6 - 100)?
-39
8 + -11 + -19 - (74 + -110)
14
What is (1 - -9 - (18 + -7 + 5 + -50)) + -1?
43
What is the value of (-93 - -144 - 28) + -1 + -1?
21
Calculate -84 + (4 + -1 - (-10 - (-15 + 34 + -19))).
-71
Calculate -152 + (293 - 141 - 80).
-80
What is the value of (-286 - -277) + 0 + 1 + 72?
64
What is (-1 - -39) + 19802 + -19870?
-30
What is the value of -2 + (-5 - -1) - (-54 + -32 + 61)?
19
31 - 69 - (5 - 9)
-34
What is the value of (-1 + 56 - (227 + -234)) + -15 - -14?
61
52 + (-9 + (-7 - (-10 + -3)) - -8)
57
What is the value of (-6 + 32 - 72) + -44 + 26?
-64
What is 66 - (86 + (-120 - -54))?
46
Evaluate (463 - 539) + 3 + (2 - -5).
-66
Calculate 14 - (-11 - (5 + -1 - 17 - (-2 - -33))).
-19
What is the value of -29 + -9 + 42 + 6?
10
4 + -11 + -33 + -14 + 10 + -8 + -7
-59
13 + -12 + (9 - 22) + -2 + 20
6
What is the value of (-30 - (-3 + -13)) + -59 + 83?
10
What is the value of 39 - (-7 - (11 - (14 - -1)))?
42
What is the value of (-78 - -46) + 44 + (-33 - 2)?
-23
What is the value of -3 + (7 + -6 - (2 - -30)) + 5?
-29
(-17 - (18 - (47 - 7))) + -98
-93
Evaluate (-9 - ((-10 - 4) + 8)) + 6 + 7.
10
What is (3 - 6) + 14 + -1 - ((17 - -7) + -16)?
2
Calculate (-91 - -62) + 72 + -23.
20
Calculate -86 + 50 - 15 - 7.
-58
0 + -23 - (80 + -121)
18
Calculate -133 - (10 + (-16 - 2) + (0 - (-8 - -7))).
-126
Calculate (-41 + 38 + -24 - -15) + -1.
-13
What is the value of 16 + 21 + 1 + -1 + 26?
63
Calculate 67 - (11 + 62 + 64).
-70
Evaluate -9 - (10 - (-9 - -27)) - -7 - (7 + 0).
-1
Evaluate -23 + 13 - (7 + -10 + -16 + 4).
5
(1 - 48) + (474 - 434)
-7
Evaluate 44 + -66 + 3 + -9 + -7.
-35
What is the value of -15 + 2 + 150 + -108 - (13 + -4)?
20
What is the value of 15 + 16 + 6 + -7 + -12 - 110?
-92
What is the value of -7 - 1 - (-18 - ((308 - 320) + (53 - 0)))?
51
9 + -106 + 125 + -35
-7
Calculate ((-5 - 3 - -111) + -13 - (0 - 7)) + -10.
87
What is the value of -3 + 6 + -43 + 26 + -36?
-50
What is the value of (1 + -2 - 2) + (75 - (196 + -165))?
41
What is (1 - (-11 + (4 - 2))) + (-103 + 249 - 112)?
44
(18 - (25 + 21 + -15)) + (-76 - 1)
-90
What is 58 - (-92 + 34 - -121)?
-5
Evaluate (-21 + -3 - 24) + -24 - (15 - -1).
-88
Evaluate -33 + 17 + 46 + -24 - 19.
-13
Evaluate 6 + 1 + (134 - (131 + 32)).
-22
Evaluate 9 - (11 - (-15 + 36) - (-59 - -7)).
-33
What is the value of -12 + (14 + 12 + -22 - 10) + 1?
-17
-7 - (-39 + 36) - 1
-5
Evaluate (13 + -5 - (4 + -8 + 23)) + 23 + -1.
11
Calculate (62 - 49 - (-4 - (0 + -4))) + -51.
-38
What is 11 + -165 + 165 + 1 + -12?
0
Calculate 6 + (-6 - (-1 + -1 - (25 - 14))) + 36.
49
What is the value of (-7 + 33 - (-53 - -68)) + -25?
-14
What is the value of -46 + (55 - -3 - 38)?
-26
Calculate 238 - (264 - (282 + -154)).
102
Calculate 6 + -4 + 0 + -1 + 3 + -2829 + 2888.
63
-1 + (66 - 66) + 1 + -45
-45
-1 + -40 - (-29 + 10 + (1 - -3) - -17)
-43
-84 - (-114 - (-66 + 50))
14
Evaluate -32 + 15 + 21 + -46 + -31.
-73
What is the value of 5 + -10 + 10 + -7 + (7 - 1) - 0?
4
Calculate 18 + -4 + (16 - -14).
44
Evaluate (20 + -24 - (-8 - -16)) + (1 - 1 - -35).
23
Evaluate (-1 - (-11 + 14 - -3)) + (3 - -2).
-2
-1045 + 1037 + 7 + 32
31
What is the value of (0 + 35 - -9) + -42 + (-1 - -1 - -32)?
34
Evaluate -1 - 12 - (44 - -5 - (-13 + 8 + 32)).
-35
(89 - -2) + (-31 - 1) + (238 - 222) + 8
83
What is the value of -26 - 1 - (75 + (167 - 241))?
-28
Evaluate -130 - -199 - (3 - (-8 - 18)).
40
What is the value of 83 + 30 + (-19 - 10 - -2) - (1 + 1)?
84
Evaluate (2 - (-2 - -10)) + (1102 - 1062) + -16.
18
Calculate 25 + (15 - 10) + 239 + -254.
15
23 + 20 - 76 - -89
56
Evaluate (-12 - 1) + 9 + -18 + (-26 - -90).
42
What is 31 + -31 + (4 - 15) - (-4 - 67)?
60
15 - (8 + -14 + 68 + -17) - -17
-13
Evaluate 17 + -8 + (1155 - 1183 - (-2 - (8 - -1))).
-8
Calculate 24 + 22 + -32 + -41.
-27
Evaluate 25 + -99 + 45 + -10.
-39
Calculate -24 + 6 - ((-6 - 0) + -16 - -10).
-6
What is 1 - (24 + (-13 - 57) - 4)?
51
Calculate -3293 + 3343 + 0 + -64.
-14
What is the value of (17 - (8 + -45 + 23)) + -56?
-25
Evaluate 43 - (0 + -2 - -1 - (-20 - 0)).
24
What is the value of 43 - (-36 - (25 - (16 - -24)))?
64
What is the value of -21 + -14 + (27 - 9) + 49?
32
What is the value of (-2 + -9 - (14 - 14)) + (88 - 47)?
30
What is -3 + -17 + -8 + 44 + -5?
11
What is the value of -533 - -533 - (23 + (1 - 4)) - 4?
-24
Evaluate (-7 - -4) + 6 - (-229 - -204).
28
What is the value of -10 - (-32 + 21 + -4) - (-1 - 24)?
30
(-158 - (260 - 429)) + -1 + -1 + 0 + -71
-62
Evaluate -2 + (-1 - -12) - (66 - 77 - 1).
21
-2 - (1 - 34) - (1356 - 1373)
48
Evaluate (-66 - (27 - (-2 + 56))) + -23 - (1 - -5).
-68
Calculate 18 + -82 + (-28 + 28 - -13).
-51
What is the value of -25 - (-44 + 16) - -32?
35
Evaluate 68 - (91 - (144 + 4)).
125
1 - 21 - (-416 - -405) - -7 - (41 - 1)
-42
Calculate 17 + 2 + -29 + (-12 - -9) + (-1 - -2).
-12
-3 + 34 - (1468 + -1428)
-9
0 + -11 + 5 + -10 - (0 - 3) - 11
-24
Evaluate -82 + (38 - -6) + -35 + 12.
-61
Calculate 85 + -100 + -9 + 57.
33
What is the value of (-47 - -67) + -18 + 30?
32
Calculate 104 + 1 + (-4790 - -4712).
27
Calculate (26 - (19 + -11)) + -2 - -19.
35
What is the value of 25 + -16 + -26 + 5 - 7?
-19
Evaluate -108 - (-28 + 8 + -12).
-76
What is the value of -7 - (-71 - -25) - (-2 + 11 + (-2 - 3))?
35
What is the value of -45 + (38 + -61 - (-1 + 2)) + 12?
-57
131 + -169 + 3 + 7 - 56
-84
-3 - (70 + -35 - 41)
3
Evaluate -19 + (-16 + (-9 - -19) - -58).
33
Evaluate (-1 - -88) + 31615 + -31778.
-76
(-17 - -28) + (-5 - (3 - 4))
7
(15 - 53) + -10 + (-1 + 0 - (3 + 0))
-52
What is the value of (43 - -3) + (-3 - 32 - -32)?
43
Calculate 1 - 3 - (-13 - (-58 + 54)).
7
What is -1971 + 2046 + (-25 - (-7 - -3))?
54
-40 - 2 - (140 + -167 - -42)
-57
Calculate -23 - (35 - (22 - -29)) - (-1 + 59).
-65
Calculate 13 - (12 + -19 + 16) - 58.
-54
Calculate 52 - (1 - 53 - (-176 + 140)).
68
What is (23 - -34) + (292 - 278)?
71
What is the value of (-95 - -107 - -123) + 10 + -5 + 2?
142
Calculate -110 + (18 - 55 - (5 - 32)).
-120
8 + -104 + (-44 - -44 - (0 - -1) - -13)
-84
What is 470 - 474 - (-29 + -1)?
26
What is (-24 - (81 - 187)) + -73?
9
Evaluate (12 - 8) + (-56 - -28 - -33).
9
(-67 - 49) + 95 - 70
-91
What is the value of 2 - 0 - (526 - 497 - (0 + -5))?
-32
Evaluate -7 + -9 + 17 + (-2 - -1) + -2 - -23.
21
Evaluate -9 + -26 + 68 + -50.
-17
-5 + 32 - (5 - -7 - 14) - (-4 + 14)
19
What is (-70 - -64) + 8 - (40 - (0 - -2))?
-36
What is 33 + (19 + -14 - (5 + (-7 - -17)))?
23
What is (4305 - 4352) + (-65 - 1)?
-113
What is the value of (1 - -11 - 2) + (47 + -64 - (50 + 5))?
-62
What is (-1 - (6 + -9)) + -7 + 7 + -23 + 84?
63
Evaluate 27 + (-50 - -16) - (-1 - 45).
39
What is the value of 1 + -1 - (3 - 11) - (-66 + 71)?
3
What is the value of 37 - 27 - 21 - (21 - 2)?
-30
Calculate -54 - (4 + -2) - (1059 + -1079).
-36
What is (1 - 5) + (174 - 183) + -9?
-22
Evaluate -27 + -4 + -18 + (26 - -23).
0
What is the value of 51 + (28 - 40) + -91?
-52
Calculate 16 - (18 + 18 + -32) - (0 - -35).
-23
Evaluate -1 - (-12 - (-3 + 11) - -10 - (-5 + -2)).
2
Calculate -73 - (-25 + -49) - (15 + (-4 - -2)).
-12
Calculate 34 - (17 - (6 - 11 - -15) - 3) - -8.
38
Evaluate 13 - (4 + 14) - ((7 - 10) + -26).
24
Calculate -7 + (103 - 130) + 2 + -19.
-51
Evaluate -70 + 132 - 179 - -80.
-37
Evaluate 239 - 259 - (-3 - 72 - 2).
57
What is (-27 + 11 - 20) + 51?
15
Evaluate -3 + (11 - (8 + 19 + -15) - 7).
-11
What is 38 - 8 - (805 + -717)?
-58
Evaluate 34 + ((9 - 0) + 358 + -361 - 14).
26
Calculate -55 - (-23 + 0 + -31 + 25).
-26
Calculate (-307 - -311) + 2 + -29.
-23
Evaluate -29 + (-62 - -19 - -48).
-24
Evaluate (1745 - 1752) + 0 + -1.
-8
What is the value of -164 + 171 + 18 + 6 + -9 + -4?
18
Calculate -1 + -1 + (2 - 1) + (211 - 207) + 60.
63
What is the value of (0 - -27 - 18) + (2 - 4) - 71?
-64
Calculate 457 + -479 - (1 - 25) - (9 - 0).
-7
What is -6 + -1 - (-66 - (46 + -116) - (13 + 0))?
2
Calculate (5 - 2) + -19 + (8 - 8) + -4.
-20
87 + -13 + -73 + -16
-15
Evaluate 19 + 258 + -156 + (-32 - -1).
90
What is -4 - (-6 - -2) - (-11 + 57 + -15)?
-31
What is -111 - (-15 + 9 + 